-9 + 7))).
-32
What is 1 + -71 + (-44 - -38 - -10) + -5 + 19?
-52
What is the value of (-2 - (1 + -15)) + -141 + 128 - -44?
43
Evaluate -9 - (-2 - (-12 - -14 - -29) - (-1 - 4)).
19
What is the value of (-38 - 384 - -414) + (58 - (3 + -2))?
49
What is the value of -38 + 54 + -64 + 83?
35
(25 - 15) + -54 + (-4 - -3)
-45
What is 1 - -75 - (89 + -29 - 72)?
88
Evaluate -5 - -15 - (-337 + 371).
-24
Evaluate 0 + 31 - (-1404 + 1452).
-17
Calculate (-2 - 22) + 97 + 0 - 20.
53
What is -84 + (29 - 4 - -5)?
-54
What is the value of -8 + 12 + (75 + -12 - 30)?
37
What is the value of -13 + 59 + -37 + -26?
-17
What is 26 - (-11 - (0 + -4 - (200 + -199)))?
32
Evaluate 33 - (-50 - (76 + -123)).
36
What is the value of 5 + -10 + 7 + (-14 - -42 - 13 - -116)?
133
Calculate 7 + (32 - 13 - (-16 - -41)) + (1 - 47).
-45
(-4 + 0 - -24) + -2 + -8 + -3
7
-41 + 90 - 44 - -45
50
What is -9 + 1 - (-32 - (-11 - 61) - (-1 + 2))?
-47
39 + (6 - -28) + (-4 - -16 - 26)
59
What is -10 - ((-1862 - -1850) + (-1 + 0 - 0) + 14)?
-11
(4 - 39) + -1 + -12 - (2 + -18)
-32
What is -1 + -6 - ((-40 - -2) + (-61 - -54) + -3)?
41
Evaluate 13769 + -13788 + 0 + 77.
58
Evaluate (-3848 - -3920) + (-1 - 52).
19
Calculate -1 - (1 - 15 - (-26 - -17 - 8)).
-4
-16 - (19 + -56 - -14)
7
What is -83 - -64 - (-38 - 26)?
45
What is -1103 - -1091 - (0 + (-3 - -1)) - -54?
44
What is the value of 60 - (10 + -14) - 108?
-44
What is 0 - ((-27 + 29 - (-5 - (-6 - -4))) + -78)?
73
What is the value of -5 + -17 - -25 - -13 - 38?
-22
Calculate (7 - 60) + (100 - 58).
-11
What is (4 - 21 - -2) + 1680 + -1654 + -21 + -1?
-11
-34 - (65 - (-14 + 46))
-67
What is the value of 1 - -47 - -3 - (8 + 0 + (11 - 11))?
43
Evaluate 7 + -5 + 5 + (1 - 15 - (241 + -227)).
-21
What is -117 - (52 + (-54 - 21))?
-94
16 - (19 - 18 - 21) - 8
28
Evaluate (-14 - (7 - (-42 + 23))) + -39.
-79
What is the value of 6 + 2 - (48 - (-26 - -3) - (1 - -10))?
-52
What is (59 - (97 - -133)) + 125?
-46
What is the value of -2 + (-18 + -44 + 40 - 102)?
-126
Evaluate (7 - 16 - -7) + 22 - (54 + 66).
-100
Evaluate -172 + 172 - (-42 + 7).
35
-19 + -2 + 3 + (67 + -146 - -160)
63
What is the value of 31 - 74 - ((-3 - 0 - 1) + (-6 - 1))?
-32
Calculate -7465 + 7386 - (0 - 106).
27
Evaluate (-221 - -143) + 4 + 51.
-23
What is (-44 - (-67 + -25)) + -27?
21
-15 - -11 - (-16 - (-59 + 2))
-45
Calculate 47 + -22 + -55 + -7.
-37
Evaluate (7 - (-4 - 7)) + (-71 - -42) + 50.
39
(5 - (-2 - 0) - 3) + 40 + -93
-49
What is (-65 - -161 - 109) + -5 + 88?
70
What is the value of -8 + 12 + -5 - 6 - -21 - 4 - -15?
25
What is (6 - (3 + 4)) + 14 - 29?
-16
Evaluate -1 - ((9 - 18) + 13) - (-2 + (-1 - -81)).
-83
What is -128 + 2 + -12 + (-10 - (-25 + 13)) + 5?
-131
51 + -1 - ((-2 - -6) + -1)
47
-6 - -41 - ((-1 - (0 - 15)) + (-10 - -1))
30
Evaluate (7 - 4 - (-18 + -5 + 4)) + -16.
6
What is the value of 28 + 62 - (-34 - -154)?
-30
Calculate 36 + (-8 - (-21 + -8 + 19)).
38
What is the value of (-8 - 8) + 8 + (-3 - (0 - 1 - -21))?
-31
What is the value of -11 - ((228 - 243) + 11 + -1 + -3)?
-3
Calculate (111 + -146 - 86) + 14.
-107
Evaluate (38 - -21) + (-86 - -6).
-21
Calculate 80 - (-2 + -5 + (-29 - -5 - -8)).
103
What is 0 + -26 - ((-124 - 7) + 133)?
-28
What is 87 - (49 + (-110 - -216))?
-68
What is (-6 - (-5 - -3)) + 0 - (50 + -6)?
-48
What is 615 + -591 + -108 + 0 + -6?
-90
Calculate -12 + 4 + -14 + 31.
9
15 - (-8 + (-5 - (10 + -9 - 6) - -4))
19
10 - (2 + 6) - (64 + -27)
-35
What is the value of -11 + 11 + (0 - -1) - (5 + 2)?
-6
What is (13 - 2) + (-49 - -44) - (-37 + 1 + -3)?
45
What is the value of -13 + 50 - ((-27 - -33) + -18)?
49
What is the value of (-1 - -7) + (1 - -12) - -10?
29
What is the value of -67 + (-4 - -7) + 6 - (6 + 11 - 14)?
-61
Evaluate (0 - 4) + 5 + 29 + -12 + -13 + -13.
-8
What is -81 - (-63 + -13) - (0 + -2 + 38)?
-41
Evaluate 0 - (2 - 29) - (99 + -101) - (-4 + 13).
20
What is the value of (-56 - (-117 - -34)) + 22 + 7?
56
Calculate 7 - ((0 - 42 - -41) + (-25 - 1)).
34
Evaluate 70 + 22 + -68 + 2.
26
Evaluate 31 + (-1 - -1) + -51 + 49 + 10.
39
What is the value of (28 - -15) + 21 - (14 - 1) - (-3 + -5)?
59
12 + (23 - (-6 - (-15 + 2 + -1)))
27
Calculate -94 + 189 + 30 + -121.
4
Evaluate -17 + (24 - -1 - -4) + -1.
11
What is the value of (-24 - -74) + 140 + -220?
-30
Calculate (-63 - -10) + -38 - -26.
-65
Calculate (14 - (-3 + 7 + 8 + -7)) + 9 + -12.
6
What is the value of 22 + -38 - ((46 - 69) + (-2 - -12))?
-3
Evaluate -4 + (-5 - (-5 + 25)) + -38 + 35 - 0.
-32
57 + -49 - (25 + -50)
33
What is 101 - (6 + 12 + 0) - 5 - (0 - -4)?
74
41 + (-17 - (-1 + 2) - (-158 + 139))
42
What is 5 + -20 - (-45 + (-10 - 6) - 5)?
51
-2 + 88 - (160 - 64 - 137)
127
What is the value of (-79 - -2) + (2241 - 2225)?
-61
What is 10 - (129 + -44 + (12 - (11 + 6)))?
-70
What is the value of -45 - (-24 - (92 - 112))?
-41
What is the value of (-2 - 7) + 3 + 46 + -11 + -6 + -7?
16
What is the value of 2 - (-12 + 6) - (-1 + 17 + -12)?
4
Calculate (27 - (74 + -49)) + (-1 - (0 + 0)).
1
-4 + (66 - 21) + -22 - -53
72
Evaluate 19 + (15 - 20) - (19 + -26 + (3 - -9)).
9
-123 - (-24 + (-8 - 11))
-80
What is -8 + 32 + 9 + 12 + -32?
13
What is 1 + (-2 - 0 - 6) - (-8921 - -8930)?
-16
What is the value of (4 - ((-7 - -4) + -7) - -43) + -21?
36
-22 + (-26 - -24) + -28
-52
What is the value of 29 + -49 - (14 - (1 + 3)) - -7?
-23
0 + (-2 - -16 - 5) + -214 + 179
-26
What is the value of -134 + (150 - 103 - -54)?
-33
13 + -49 + 73 + 7
44
Evaluate (18 - (-115 + 166)) + (2 - 1).
-32
-1 + -136 - ((217 - 306) + 101)
-149
Calculate (-23 + -17 - -36) + -23.
-27
Evaluate -135 + (10 + -30 + 2 + 25 - (0 - 9)).
-119
Evaluate ((-13 - -16) + 8 + -4 - (2 + 3)) + -2.
0
Calculate 69 + -164 - -22 - -91.
18
2 + (8 - (-15 + -14)) - -21
60
Evaluate -117 + 9 + 28 - 0.
-80
Evaluate (48 - 1) + (21 - (-6 + 7 - -27)).
40
Evaluate 26 + 0 + -8 + -5 - (3 - 0).
10
Calculate 104 + -18 + -50 - (-59 + 3).
92
Calculate (-518 - -496) + (-1 - -4 - 3 - 12).
-34
What is the value of -7 + (6 - 5) + -13 + (-1 - -6)?
-14
Calculate 23 + (0 + -113 - -173).
83
What is (-40 - 12) + (4 - 16 - (1 + 2))?
-67
What is the value of 33 + -84 + 45 - 32?
-38
What is the value of -2 + 0 + (32 - 31) + 4 + 40?
43
Calculate 44 - 26 - (20 + -1 + -5) - 5.
-1
12 - (61 - (-59 + 64 + -2 + 5) - -7)
-48
What is the value of 32 - (30 - 1) - (-34 + -8 + 3)?
42
What is the value of 54 - (-4 - -110) - -40?
-12
-17 - (-3 - (30 + -34)) - (-1 + 4)
-21
What is -17 + 39 - (56 + -67)?
33
Calculate -1 - -81 - (205 - 161).
36
Calculate 1 + 16 - (27 - (54 - (59 + -40))).
25
Evaluate -18 + ((5 - 6) + -2 - -48).
27
Calculate 17 + (-4 - (10 - -2)) + 3 - 41.
-37
What is the value of 35 + (0 - 138 - (-196 - -177))?
-84
Evaluate 2 - -2 - (-29 - (17 - -10)).
60
6 + 6 - ((58 - 7) + (-14 - -18))
-43
What is the value of -68 - (7 + -4) - ((-32 - -13) + -3 + 11)?
-60
What is the value of -47 + -85 + -80 + 139?
-73
What is (380 - 304) + 2 + 2 + (-3 - -1)?
78
Evaluate (-102 - (2 + 2 - 0)) + 37 + -80 + 48.
-101
Calculate -1183 + 1174 - (-45 + 3 + -1).
34
What is -14 - (1 + -51 + 1350 + -1352)?
38
Calculate -25 - (-12 - (-12 + -5) - (-8 + -1)).
-39
Calculate -1 + -22 - (275 - 248).
-50
What is (-9 - (-6 - ((11 - 8) + 8)) - 4) + 11?
15
Evaluate -40 + -45 + -57 + 42 + 33.
-67
Calculate (-1 - 50) + -10 + 3 + -3 + 15.
-46
What is the value of (-108 + 118 - 137) + 141?
14
What is 82 - (-17 + 66 - 49)?
82
What is 38 - (-3 - (-16 - -23 - 26))?
22
What is the value of (-54 - -58) + -12 + -5 + -12 + 8?
-17
Evaluate (-8 - -2) + -4 + 2 + (4 - (-5 - 41)).
42
What is (9 - (4 - (9 - 17) - 1)) + 9?
7
What is -85 - (-20 - (69 - 115))?
-111
Calculate (157 - -1) + -16171 + 16012.
-1
Evaluate 37 + (-17 + 10 - -20) + (-2 - 3) + -15.
30
Calculate (-144 - -6) + (-1471 - -1521).
-88
What is 56 - (-88 + (-102 - -122))?
124
What is -16 + (72 - (58 + -32))?
30
(-4 - -2 - 23) + 4 + 8 + -23 - -10
-26
Evaluate (-56 - (5 + (-4 - (-1 - -2)))) + -3 + 7.
-52
What is the value of (93 - (-14 + 37)) + (15 - 4)?
81
What is the value of -7 - (-6 - 4 - (2 + -6 + 2 - -27))?
28
Calculate -14 - ((-12 - -21) + -42 + -24).
43
(-68 - 0) + (-88 + 57 - -22) + -21
-98
What is -164 - -175 - (-4 - (-15 + 7)) - 16?
-9
What is -12 + 0 - 0 - (2013 - 2046)?
21
What is the value of -130 - (18 - (9 - -81))?
-58
Calculate 9 - -12 - (-34 - 56).
111
Ca